digit of (-6)/(a/(-32) + -3)?
6
Suppose -3 = 3*j - 2*j + v, 5*j + 45 = v. Let z be (-60)/j + (-1)/2. Let o(p) = -p**3 + 8*p**2 - 6*p + 7. What is the units digit of o(z)?
4
Suppose 2*x = 8*x + 330. Let f = x - -212. What is the tens digit of f?
5
Let v = -62 - -30. Let b be (-15)/6*v/20. Suppose -18 = -2*t - 2*y, -b*t + 18 = y - 3*y. What is the units digit of t?
6
Let y = 460 + 3445. What is the tens digit of y?
0
Let j = -25 + 25. Suppose j = d - z - 56, -d - 97 = -3*d - z. What is the tens digit of d?
5
Suppose 4*l = 5*c - 8131, 16*l = -c + 21*l + 1622. What is the hundreds digit of c?
6
Let b(c) = -c**2 - 14*c. Let n = -1 + -7. Let u be b(n). Let o = u + -20. What is the units digit of o?
8
What is the tens digit of (1414/(-21))/(0 + 4/(-24))?
0
What is the units digit of (6879/6 - 2)*20/6?
5
Suppose 0 = 2*q + 5*d + 6, -5*q + 1 + 3 = 3*d. Suppose -3*k + 2*f = -274, -225 - 65 = -3*k - q*f. What is the units digit of k?
4
Suppose 2*q - 44 = -x, -2 + 54 = 2*q - 3*x. What is the hundreds digit of q/(3/6*2/5)?
1
Let r(a) be the first derivative of -a**3/3 - 6*a**2 + 17*a + 3. Let y be r(-14). Let d = y - -15. What is the units digit of d?
4
Suppose -45*r + 47*r = 612. Let m = r - 162. What is the tens digit of m?
4
Suppose 12*c - 52398 = 14250. What is the thousands digit of c?
5
Let m(s) = 5*s + 50. Let q be m(-9). Suppose 2*x + r = -x + 354, -q*x + r = -598. What is the hundreds digit of x?
1
Suppose 3*f + 1353 = 8*f - 3*b, 5*b = -5. What is the hundreds digit of f?
2
Suppose 540 = 16*s - 10*s. What is the units digit of s?
0
Let t = -31 + 63. Suppose -5*m + t = 12. Suppose -p + 45 = m*p. What is the units digit of p?
9
Suppose -99 = 2*f + f. Suppose -58 = 4*s + 10. Let w = s - f. What is the tens digit of w?
1
Suppose 0 = 3*f, 5*r - 598 - 767 = -5*f. What is the units digit of r?
3
Let n = -392 + 643. What is the units digit of n?
1
Let r(c) = 6*c**2 + 2*c + 3. Suppose 40 = -0*q + 5*q. Let y(x) = -x**3 + 8*x**2 + x - 10. Let i be y(q). What is the tens digit of r(i)?
2
Suppose -5*u + 7*u = -6. Let b(r) = 16*r - 4. Let f be b(u). What is the units digit of (-72)/(-126) - f/7?
8
Let z = -1055 + 1443. What is the units digit of z?
8
Let s(k) = 5*k**3 - k**2 - 4*k - 1. Let z be s(3). Let a be (12/(-9))/(6/(-9)). Suppose -a*p + 5*p = -c + 103, -c = -3*p + z. What is the tens digit of p?
3
Let g be 3*(-2)/(-15) + (-484)/110. Suppose 4*m = -5*t + 1823, 3*t + 2*t + 3*m = 1821. What is the tens digit of g/16 - t/(-12)?
3
Let l = -39 + 63. What is the units digit of 1480/l + 4/(-6)?
1
Let y be 6 + -10 + (-364)/(-1). Suppose y = 4*v + 2*v. What is the units digit of v?
0
Suppose 2*n + n + 3*t - 3309 = 0, 4397 = 4*n + t. What is the units digit of n?
8
Suppose -27 = -3*q - 117. Let o = q - -69. What is the units digit of o?
9
Suppose 4*h - 10 = 2, -2*g = 4*h - 6568. What is the units digit of g?
8
Let i = -3466 - -7123. What is the hundreds digit of i?
6
Let a(f) be the second derivative of -3*f**5/20 - f**3/6 + 7*f. Let p be a(-1). Suppose -b + p = -41. What is the tens digit of b?
4
What is the hundreds digit of 16/56 + 754/7?
1
Let f(r) = r**3 + 8*r**2 + 3*r + 2. Let g be f(-3). Suppose -3*z + 143 = g. What is the units digit of z?
5
Let s(m) = -m**2 - 9*m - 3. Let g be 140/(-42)*(-3)/(-2). What is the units digit of s(g)?
7
Let i(y) = -y**3 + 11*y**2 + 11*y + 6. Let p be i(12). Let o be (124/p)/((-6)/9). Suppose 2*g - 46 = -2*z, o = 5*z - g - 102. What is the tens digit of z?
2
Let y = 102 - 98. Suppose y*q - 3*o - 170 = 0, 5*o = -3*q - 0*q + 142. What is the tens digit of q?
4
Let d be -30 - -1*2/2. Let z = 50 + d. What is the tens digit of z?
2
What is the hundreds digit of 466*((-15)/(-2))/15?
2
Let m = 1191 - 798. What is the hundreds digit of m?
3
Suppose -6 = -x - 2*x. What is the units digit of x*(-4 + 11 + 3)?
0
Let o(c) = -c**2 + c + 2. Let p be o(-2). Let x = -2 - p. What is the units digit of (3 + 43 + -2)/x?
2
Suppose 0 = -5*p + 3*y + 3600, -3600 = -5*p - 0*p - 4*y. What is the hundreds digit of p?
7
Let f(z) = 0 + 0 - 1 - z**3. Let p(k) = -10*k**2 - 14*k - 12. Let t(w) = f(w) + p(w). What is the units digit of t(-9)?
2
Suppose 70754 = 33*b + 13961. What is the units digit of b?
1
Suppose -10*g = -9*g - 3*h - 3597, 2*g + 5*h = 7205. What is the tens digit of g?
0
Suppose 1019 = -5*d + 15574. What is the units digit of d?
1
Let v(b) = -6*b - 12. Let l(c) = c - 14. Let f be l(8). What is the tens digit of v(f)?
2
Let f(h) = 283*h**3 - 4*h**2 + h. Let m be f(1). Let c = -191 + m. What is the tens digit of c?
8
Let i(j) = -j**2 + 5*j - 1. Let b be i(4). Suppose b*t + 0*t = 96. Suppose k + t = 5*k. What is the units digit of k?
8
Let r = -1839 + 3140. What is the units digit of r?
1
Let y = 357 - -946. What is the tens digit of y?
0
Suppose 8*c - 1162 = 1406. What is the tens digit of c?
2
Let h(o) = o**3 - 5*o**2 - 10*o - 10. Let r be h(8). Let i = -69 + r. Suppose 3*x = 33 + i. What is the tens digit of x?
2
Suppose 6*v - 2*v - 24 = -4*x, v = 5*x. Suppose 315 = v*n - q - 1312, q = n - 323. What is the tens digit of n?
2
Suppose 67*n - 70*n = -15. Suppose 0 = n*b - 2*w - 277, b - 6*w + 4*w - 49 = 0. What is the tens digit of b?
5
Let u = -84 + 86. Suppose -10 = -u*h - 2*r - 0, 20 = 4*h - r. What is the units digit of h?
5
Suppose -45 = -5*z - h + 5*h, 0 = -3*h - 15. Suppose -4*r - 9 = -2*t + 11, z*t + 10 = -5*r. What is the tens digit of (25 - 5)*3/t?
3
Let t be (15/(-5))/(12/(-20)). Suppose 3*g = g - 2*f + 102, -t*g = -5*f - 275. What is the units digit of g?
3
Suppose -5*r + 5418 - 174 = -3*z, -6 = 2*z. What is the units digit of r?
7
Suppose 2*z = v + 62, 4*z + v - 144 = -2*v. Suppose z = 2*b - 9. What is the tens digit of b?
2
Let x(d) = d**2 + 12*d + 21. Let q = 42 - 58. What is the units digit of x(q)?
5
Suppose 0*i + i - 2 = -u, 4*i - 5 = -3*u. Suppose u*m = 12, -4*m = -4*w + m - 20. Suppose -84 = -3*n - w*n. What is the tens digit of n?
2
Let c(l) = 72*l - 91. What is the tens digit of c(7)?
1
Let b be -2*(-4 + 1 - -2). Let d be ((-540)/(-6))/((-6)/(-8)). Suppose 2*f + 4*m - 72 = 0, -3*f + b*m = 5*m - d. What is the units digit of f?
4
Suppose -4*n + 0*n = -20. Suppose 2*g + 5 = -2*j - g, -25 = -n*j + 5*g. Suppose -5*f - 4*s = -45, j*s + 44 = 3*f + s. What is the units digit of f?
3
Suppose 1 = -5*n + 101. Let g = 176 - 105. Let w = g - n. What is the tens digit of w?
5
Let z be (-2358)/(-22) - (-5 - 57/(-11)). Let x = -10 + z. What is the tens digit of x?
9
Let d(q) be the third derivative of q**6/120 + 3*q**5/20 + 7*q**4/24 - 11*q**2. What is the tens digit of d(-5)?
6
Let r(v) = 10*v**2 + 8*v + 4. Let x = -72 - -69. What is the units digit of r(x)?
0
Let i = 9 + -4. Suppose 2 + 2 = h, -z + 3*h = -i. Suppose -70 = -5*q + j, z = 3*q - 3*j - 13. What is the units digit of q?
5
Let p(h) be the first derivative of -h**4/4 + 4*h**3/3 + h**2 - h - 55. Suppose 3 = g - 1. What is the units digit of p(g)?
7
Let q be (44/(-16) - -3) + (-1734)/(-8). Suppose 5*j - q = j + 5*u, 0 = j + u - 52. What is the tens digit of j?
5
Suppose -q + 3*c - 9 = 0, 58 = -5*q + 3*c - 11. Let s be (-12)/15 + (-12)/q. Suppose 5*t - 40 = -s*t. What is the units digit of t?
8
Let v = 916 + -325. Suppose -v = -7*r + 480. What is the tens digit of r?
5
Let r = -59 - -61. What is the units digit of (-2544)/(-36) - r/(-6)?
1
Let t(j) = -j**3 + 13*j**2 + 30*j + 3. Let w be t(15). Suppose 0*y + y - 73 = q, w*q = y - 73. What is the tens digit of y?
7
Let s(w) = w**2 - 13*w + 181. What is the hundreds digit of s(25)?
4
Let i be 7 - -5 - -4*(-4 + 3). Suppose -6*w - 228 = -i*w. What is the units digit of w?
4
What is the units digit of 5/((-125)/(-19905))*(0 - -5)?
1
Let p(a) = 11*a - 2. Let b be p(-1). Let z = b - -23. Let c = 11 - z. What is the units digit of c?
1
Let q(j) be the third derivative of j**4/6 + 4*j**3/3 - 7*j**2. Let u be q(-4). Let y(w) = -w**2 - 13*w - 14. What is the units digit of y(u)?
6
Suppose -723*d = -728*d + 1150. What is the units digit of d?
0
Let s = 278 - 170. Suppose 0*j = -3*j + s. Suppose -j*t = -34*t - 96. What is the units digit of t?
8
Suppose -5*b - 268 = -4*a, 3*a - 4*b - 167 = 33. What is the hundreds digit of (-16)/a - (-1406)/9?
1
Suppose 2*h + 1028 = 2*q, -4*q + 4*h + 505 = -3*q. What is the units digit of q?
7
Let j be 198/(-